 Let a(k) = -3 + 13*k + 7*k + 6 - j*k. Calculate a(5).
23
Let n(b) be the third derivative of b**6/120 + b**5/15 - 5*b**4/24 + 5*b**3/6 - 9*b**2 + 33. Calculate n(2).
19
Suppose 19 - 6 = -8*i - 35. Let g(r) = 17*r + 109. Give g(i).
7
Let l(n) = -n**3 - 2*n**2 - 3*n - 8. Suppose 89*q + q + 42*q = 0. Give l(q).
-8
Let i(k) = 1. Suppose -161*d - 35 + 196 = 0. Let z(b) = -b + 5 + 0*b**2 + 3*b**2 - 2*b**2. Let h(j) = d*z(j) - 6*i(j). What is h(3)?
5
Let y(u) = 35*u + 7. Let m(z) = z**2 + 178*z + 693. Let s be m(-4). Give y(s).
-98
Suppose 4*n + 16 = 0, -3*n = 3*p + 2*p - 13. Suppose -2*j = -j + p. Let m(l) be the first derivative of -l**2 - 5*l - 65. Give m(j).
5
Let t(y) be the first derivative of y**4/24 - y**3/3 + 55*y**2 + 115. Let p(o) be the second derivative of t(o). Determine p(-10).
-12
Let d be (4 - -1)/(-5) - (-15 + -2). Let c be 8*(-2)/(d/(-6)). Suppose -4*n = -c - 2. Let h(s) = -s**3 + 3*s**2 + 2*s - 1. What is h(n)?
7
Let t(b) = b**3 + 40*b**2 + 112*b + 5. Let o be t(-3). Let n(a) = 4*a**2 - a**2 - a**2 - a**3 - 4 - a + 0*a. Determine n(o).
-6
Let b(q) = -7*q**3 - 4*q**2 - 12*q. Let j(n) = -8*n**3 - 4*n**2 - 13*n. Let u(g) = -7*b(g) + 6*j(g). Suppose -p = -2 - 2. Let i = 0 - p. Determine u(i).
-24
Let k(v) = -2 + v**2 + 0*v - 2*v**2 - 3*v. Suppose 14*z + 4125 = -41*z. Let o be (-18)/4*(-50)/z. What is k(o)?
-2
Let d(c) = c**3 - 5*c**2 - 9*c + 10. Let g be d(6). Let f = -5 - g. Suppose 5*v + 15 = -5*j, 0*j + 9 = f*j - 3*v. Let s(i) = -i**2 - i + 9. What is s(j)?
9
Let y(j) = -j**2 - j + 12. Let d = 16 - 13. Let k be y(d). Let x(p) = 10*p**2 + 7*p - 13. Let z(c) = 3*c**2 + 2*c - 4. Let u(f) = 2*x(f) - 7*z(f). Give u(k).
2
Let v(n) = 13*n**3 + 12*n**2 + 8*n + 49. Let r(g) = 7*g**3 + 6*g**2 + 4*g + 27. Let a(f) = 11*r(f) - 6*v(f). Give a(-6).
27
Let w(u) = 32*u - 2. Let h be 0 - 25/((-50)/(-4)). Determine w(h).
-66
Suppose 0 = -3*h - 6, b = 3*b + 4*h - 70. Let d = 41 - b. Let c(s) = -3 + 0*s - 3 - d*s + 4*s. Calculate c(5).
4
Let n = 20 + -13. Let g = 178 - 164. Let q(m) = g - m - 6 - 2. Calculate q(n).
-1
Let r(m) be the first derivative of 2*m + 0*m**2 - 68 + 2/3*m**3 - 1/2*m**4. Give r(2).
-6
Let r = -56 + 58. Suppose -i - 23 = -2*q, q - 3*i = r + 2. Let a(g) = 12*g + 1 + 2 - q*g. Calculate a(3).
0
Let x(k) = -7*k**2 - 21*k + 13. Let c(g) = 3*g**2 + 10*g - 7. Let s = -228 + 223. Let n(i) = s*c(i) - 2*x(i). What is n(-8)?
9
Suppose 6*a + 186 = 4*t + 4*a, -a + 91 = 2*t. Let m(o) = -3*o - 16 + 4*o + t - 17 - 18. Let n = 19 + -11. Give m(n).
3
Let u(q) = 9*q - 261 + 511 - 267 - q. Give u(7).
39
Suppose -10 = -2*z + 4*k, -434 = -4*z + 4*k - 418. Let n(o) = o**2 + 5*o - 2. Calculate n(z).
22
Let c(h) = -21*h + 2. Let y = 69 + -65. Suppose -4*l + 3*d - 8 = -y, -6 = -l - d. What is c(l)?
-40
Let s(f) = -f - 181. Let j(w) = -91. Let g(v) = -5*j(v) + 3*s(v). Give g(-26).
-10
Let g(c) = -c**3 - 2*c - 1. Suppose -2*k - 1104 + 1114 = 0. Suppose 5*f + 2*p = 2*f - 1, 0 = k*f + p + 4. Give g(f).
2
Let t(p) = -742*p - 751*p - 749*p - 749*p + 93 + 2984*p. Determine t(13).
2
Let l(k) = -k**2 - 2*k - 1. Suppose -5*m - 2*s = 0, -4*m - 3*s - 3 = 4. Suppose a + m = -3*y, -y - 4 = 2*a - 0*y. Calculate l(a).
-1
Let w(s) = -22 - 5 - s - 3*s + 27 - s**2 + 3. Let x(f) = f**2 + 4*f - 8. Let d be x(-6). Suppose 0 = -0*k + d*k + 24. What is w(k)?
-9
Suppose 205*s = 89*s. Let p(x) be the second derivative of s - 1/2*x**3 + 21*x + x**2. Determine p(-4).
14
Suppose 5*o - 3*z = 3*o + 13, z = 5*o - 13. Let x(c) = 2 - 44*c**3 - 50*c**3 - o*c - 4*c**2 + 95*c**3. What is x(4)?
-6
Let b(g) = -g**3 + 53325*g - 4*g**2 + 29 + 8*g**2 - 53334*g. Determine b(3).
11
Let c(g) = 4*g**2 + 4*g + 2. Suppose 3*w = 5*t - 321, -2*t = 2*w + 218 - 20. Let b = w - -104. Suppose -b*n - 4*u + 4 = -0, n + 5*u - 8 = 0. Give c(n).
10
Suppose -7 - 14 = -7*g. Suppose -3*y = g*f + 3, 0 = 4*y - f - 18 - 3. Let a(x) = -4*x**2 - 9*x + 3 + 5*x**2 + 3*x. Give a(y).
-5
Let f(c) = -2*c**2 + 2*c + 4. Let y(t) = -t**2 + 4. Let i(k) = -2*f(k) + 3*y(k). Calculate i(4).
4
Let i(q) = -55 + 25 + 4*q + 29 - 4*q**2. Suppose z - 2*b = 3*z + 2, 3*z - 17 = 2*b. Let p(c) = 9*c**2 - 9*c + 1. Let r(v) = z*p(v) + 7*i(v). Determine r(-3).
-16
Let r = -18 - -5. Let u(p) = -13*p**2 + 2*p + 5. Let k(w) = 9*w**2 + 3*w - 2. Let m(a) = -3*k(a) - 2*u(a). Give m(r).
-4
Let u(q) be the second derivative of 5*q**3/6 - 2*q**2 - 6*q. Let m(y) = 9*y - 8. Suppose 3 = 13*s + 55. Let f(b) = s*m(b) + 7*u(b). Determine f(7).
-3
Suppose 4*q + 42 = 10. Let w(i) be the first derivative of -i**2/2 - 10*i - 32. Determine w(q).
-2
Let x(h) = h**3 - 4*h**2 + 4*h - 4. Let m be x(3). Let v(p) = -1890900*p - 3 + 3 + 1890919*p. What is v(m)?
-19
Let w(l) = 8*l**2 + 35*l + 2. Let q(o) = -7*o**2 - 30*o - 2. Let a(s) = -7*q(s) - 6*w(s). Let f(h) = -h - 7. Let g be f(-7). Determine a(g).
2
Suppose -g = -0*g - 10. Let q(a) be the third derivative of 7/6*a**3 + 0 + 1/60*a**5 - 11/24*a**4 - 56*a**2 + 0*a. Determine q(g).
-3
Let v(g) = -7 - 19*g + 10*g + 5*g**2 + 15*g. Let q(s) = -4*s**2 - 7*s + 8. Let h(j) = -6*q(j) - 5*v(j). Calculate h(11).
-2
Suppose 10 = f + 3*f + s, 5*f = -2*s + 11. Let o(m) = 17*m**2 - 75*m - 15. Let r(i) = -15*i**2 + 63*i + 13. Let l(j) = 5*o(j) + 6*r(j). Calculate l(f).
-33
Let n(k) = -19*k - 5. Suppose -351 = -7*y - 178*y + 944. What is n(y)?
-138
Let t(z) = 2*z - 1. Let b(o) = 4*o + 6. Let h be b(0). Let g(x) = x**2 - 10*x + 2. Let r be g(h). Let l = r - -28. Determine t(l).
11
Let d(v) = -v**2 - 11*v - 13. Let z be -13 - -3*(-22)/33. What is d(z)?
-73
Let o(l) be the first derivative of -1/3*l**3 - 10*l - 60 + 6*l**2. Give o(11).
1
Let y(q) = -q**2 - q. Let a(l) = 7*l**2 + 6*l - 13. Suppose -7*h + 120 = 13*h. Let d(o) = h*y(o) + a(o). Calculate d(0).
-13
Let y(c) = -23*c**2 - 57*c**3 - 12*c + 22*c**3 + 18*c**3 + 15*c**3 - 13. What is y(-11)?
-2
Let k(y) = -85 - y + 14 + 0*y + 21 + 17 + 36. Let r = -26 + 36. Calculate k(r).
-7
Let p(t) = t + 10. Suppose 0 = -5*w + 4*y + 233, -2*w + 46 + 49 = -y. Let l = w - 61. Determine p(l).
-2
Let w(x) = x + 14. Let n be w(-10). Let j(y) = -y + 4*y + 2*y**3 + 3 - y**3 + n*y**2 + 0*y**3. Let l be 38/(-12) - (-85)/(-102). Give j(l).
-9
Suppose -87 = 3427*a - 3461*a - 937. Let k(i) = 6*i + 124. Determine k(a).
-26
Let f(c) be the first derivative of -c**2/2 - 5*c + 50369. Let s(g) = g**2 + 7*g + 6. Let q be s(-6). What is f(q)?
-5
Let m = 10 + -8. Let f(q) = q**2 + 763 + 764 + q - 1527. What is f(m)?
6
Let o(h) = -h**2 + 2*h - 2. Suppose -4*w + 67 = x + 4*x, 4*w - 2*x = 46. Let z be (-24)/156 + 15/w. Determine o(z).
-1
Let q = -3082 + 3058. Let t(x) = -x - 21. Calculate t(q).
3
Let o(w) = -w**3 + 42*w**2 - w + 37. Suppose -y - 41 - 91 = -3*x, -2*x + 5*y = -114. Determine o(x).
-5
Let b be (0 - (-2)/72)/(-9 + 37/3). Let y(v) be the third derivative of 1/15*v**5 + 0 - 1/3*v**3 + 7/24*v**4 - b*v**6 + 0*v - 2*v**2. Determine y(5).
8
Let k(p) be the third derivative of 1/3*p**3 + 0*p**4 + 0 + 1/120*p**6 + 0*p - 6*p**2 + 1/15*p**5. Let c = 3 + -7. What is k(c)?
2
Let j(b) = 8*b + 0*b + 1129*b**3 + 12*b**2 - 1128*b**3 - 18*b - 23. Give j(-12).
97
Let l = -60 + 45. Let y = 34 + l. Suppose y = 3*z + 22. Let i(u) = -18*u**2 - u - 1. Give i(z).
-18
Let q(a) = 2 + 4*a - 4 + 4 + 9*a**3 - a. Let x(g) = -5*g**3 - 2*g - 1. Let m(k) = -4*q(k) - 7*x(k). Suppose -728 = 47*d - 634. Give m(d).
3
Suppose -473 = 22*c - 2167. Suppose -3*m = -98 + c. Let w(y) = y**3 - 6*y**2 - 5*y - 8. Determine w(m).
6
Let t be (16/(-28))/(8/(-28)). Let b(p) = p**3 + 6*p + 5 + 7*p**2 + p**t + 3. Give b(-7).
15
Let g(z) = -23 - 4*z + 2*z + 47 + z. Suppose 30*h - 36*h = 0. Calculate g(h).
24
Let n(k) = -2*k**2 + 36*k - 30. Let t be n(17). Let r(s) = -2*s**2 - 3. What is r(t)?
-35
Let y(d) = d**2 + 537*d + 57. Let i(j) = 2*j**2 + 865*j + 86. Let r(g) = -5*i(g) + 8*y(g). Calculate r(-18).
-100
Let c = -15 + -75. Let r = 86 + c. Let q(o) = -o - 5. Let k(m) = m + 4. Let y(j) = r*q(j) - 5*k(j). Calculate y(-7).
7
Let m(u) be the second derivative of -u**3/6 - 3*u**2 + 2*u. Let h be 178/(-1) - (13 + -10). Let k = h - -186. Calculate m(k).
-11
Let o(q) be the second derivative of -q**3 - q**2/2 + 188*q - 1. What is o(-1)?
5
Let t(x) = 3*x**2 - 7*x - 2. Let n(u) = u. Let i(h) = -5*n(h) - t(h). Let v(r) = 4*r - 77. Let l be v(23). Suppose -l = 6